{"id":3672,"date":"2022-01-05T23:54:29","date_gmt":"2022-01-05T23:54:29","guid":{"rendered":"https:\/\/h193111.web216.dogado.net\/?page_id=3672"},"modified":"2025-10-16T05:56:19","modified_gmt":"2025-10-16T05:56:19","slug":"konzept","status":"publish","type":"page","link":"https:\/\/kindergarten-schwanenkirchen.de\/?page_id=3672","title":{"rendered":"Konzept"},"content":{"rendered":"\n<p>Hier k\u00f6nnen Sie die Konzeption unseres Kindergartens downloaden.<\/p>\n\n\n\n<div data-wp-interactive=\"core\/file\" class=\"wp-block-file\"><object data-wp-bind--hidden=\"!state.hasPdfPreview\" hidden class=\"wp-block-file__embed\" data=\"https:\/\/kindergarten-schwanenkirchen.de\/wp-content\/uploads\/2025\/10\/Konzeption-Oktober-2025.pdf\" type=\"application\/pdf\" style=\"width:100%;height:600px\" aria-label=\"Einbettung von Konzeption Oktober 2025.\"><\/object><a id=\"wp-block-file--media-f158ce95-aaf6-4360-b96b-39a747821aa8\" href=\"https:\/\/kindergarten-schwanenkirchen.de\/wp-content\/uploads\/2025\/10\/Konzeption-Oktober-2025.pdf\">Konzeption Oktober 2025<\/a><a href=\"https:\/\/kindergarten-schwanenkirchen.de\/wp-content\/uploads\/2025\/10\/Konzeption-Oktober-2025.pdf\" class=\"wp-block-file__button wp-element-button\" download aria-describedby=\"wp-block-file--media-f158ce95-aaf6-4360-b96b-39a747821aa8\">Herunterladen<\/a><\/div>\n\n\n\n<p><\/p>\n\n\n\n<p><\/p>\n\n\n\n<p>Gesetzlicher Erziehungs- und Bildungsauftrag anerkannter Kindertagesst\u00e4tten<\/p>\n\n\n\n<p>Bayerisches Kinderbildungs- und Betreuungsgesetz (BayKiBiG)<\/p>\n\n\n\n<p>In der Verordnung zur Ausf\u00fchrung des Bayr. Kinderbildungs- und Betreuungsgesetzes sind folgende Bildungs- und Erziehungsziele festgelegt:<\/p>\n\n\n\n<p>\u00a7 1 Allgemeine Grunds\u00e4tze f\u00fcr die individuelle F\u00f6rderung<br>(1) \u201eJedes Kind hat ein Recht auf Erziehung und Bildung\u201c<br>Das Kind gestaltet entsprechend seinem Entwicklungsstand seine Bildung von Anfang an aktiv mit. Das p\u00e4dagogische Personal in den Kindertageseinrichtungen hat die Aufgabe, durch ein anregendes Lernumfeld und ganzheitliche Lernangebote daf\u00fcr Sorge zu tragen, dass die Kinder anhand der Bildungs- und Erziehungsziele Basiskompetenz erwerben und weiterentwickeln. Leitziel der p\u00e4dagogischen Bem\u00fchungen ist der beziehungsf\u00e4hige, wertorientierte, sch\u00f6pferische Mensch, der sein Leben verantwortlich gestalten und den Anforderungen in Familie, Staat und Gesellschaft gerecht werden kann.<br>(2) Das p\u00e4dagogische Personal f\u00f6rdert die Kinder individuell entsprechend ihrer sozialen, kognitiven, emotionalen und k\u00f6rperlichen Entwicklung. Es begleitet und beobachtet sie in ihrem Entwicklungsverlauf.<br>(3) Das p\u00e4dagogische Personal hat die Aufgabe, soziale Integration zu f\u00f6rdern und Kinder bei der Entwicklung ihrer Geschlechtsidentit\u00e4t als M\u00e4dchen und Buben zu unterst\u00fctzen und auf Gleichberechtigung anzunehmen.<br>(4) Das p\u00e4dagogische Personal arbeitet bei der Umsetzung der Bildungs- und Erziehungsziele partnerschaftlich mit den prim\u00e4r f\u00fcr die Erziehung verantwortlichen Eltern und dem Elternbeirat zusammen und informiert die Eltern in regelm\u00e4\u00dfigen Gespr\u00e4chen \u00fcber die Entwicklung des Kindes.<\/p>\n","protected":false},"excerpt":{"rendered":"<p>Hier k\u00f6nnen Sie die Konzeption unseres Kindergartens downloaden. Gesetzlicher Erziehungs- und Bildungsauftrag anerkannter Kindertagesst\u00e4tten Bayerisches Kinderbildungs- und Betreuungsgesetz (BayKiBiG) In der Verordnung zur Ausf\u00fchrung des Bayr. Kinderbildungs- und Betreuungsgesetzes sind folgende Bildungs- und Erziehungsziele festgelegt: \u00a7 1 Allgemeine Grunds\u00e4tze f\u00fcr die individuelle F\u00f6rderung(1) \u201eJedes Kind hat ein Recht auf Erziehung und Bildung\u201cDas Kind gestaltet entsprechend [&hellip;]<\/p>\n","protected":false},"author":1,"featured_media":0,"parent":0,"menu_order":0,"comment_status":"closed","ping_status":"closed","template":"","meta":{"footnotes":""},"class_list":["post-3672","page","type-page","status-publish","hentry"],"_links":{"self":[{"href":"https:\/\/kindergarten-schwanenkirchen.de\/index.php?rest_route=\/wp\/v2\/pages\/3672","targetHints":{"allow":["GET"]}}],"collection":[{"href":"https:\/\/kindergarten-schwanenkirchen.de\/index.php?rest_route=\/wp\/v2\/pages"}],"about":[{"href":"https:\/\/kindergarten-schwanenkirchen.de\/index.php?rest_route=\/wp\/v2\/types\/page"}],"author":[{"embeddable":true,"href":"https:\/\/kindergarten-schwanenkirchen.de\/index.php?rest_route=\/wp\/v2\/users\/1"}],"replies":[{"embeddable":true,"href":"https:\/\/kindergarten-schwanenkirchen.de\/index.php?rest_route=%2Fwp%2Fv2%2Fcomments&post=3672"}],"version-history":[{"count":7,"href":"https:\/\/kindergarten-schwanenkirchen.de\/index.php?rest_route=\/wp\/v2\/pages\/3672\/revisions"}],"predecessor-version":[{"id":4217,"href":"https:\/\/kindergarten-schwanenkirchen.de\/index.php?rest_route=\/wp\/v2\/pages\/3672\/revisions\/4217"}],"wp:attachment":[{"href":"https:\/\/kindergarten-schwanenkirchen.de\/index.php?rest_route=%2Fwp%2Fv2%2Fmedia&parent=3672"}],"curies":[{"name":"wp","href":"https:\/\/api.w.org\/{rel}","templated":true}]}}

<p>Hier können Sie die Konzeption unseres Kindergartens downloaden.</p>



<div data-wp-interactive="core/file" class="wp-block-file"><object data-wp-bind--hidden="!state.hasPdfPreview" hidden class="wp-block-file__embed" data="https://kindergarten-schwanenkirchen.de/wp-content/uploads/2025/10/Konzeption-Oktober-2025.pdf" type="application/pdf" style="width:100%;height:600px" aria-label="Einbettung von Konzeption Oktober 2025."></object><a id="wp-block-file--media-f158ce95-aaf6-4360-b96b-39a747821aa8" href="https://kindergarten-schwanenkirchen.de/wp-content/uploads/2025/10/Konzeption-Oktober-2025.pdf">Konzeption Oktober 2025</a><a href="https://kindergarten-schwanenkirchen.de/wp-content/uploads/2025/10/Konzeption-Oktober-2025.pdf" class="wp-block-file__button wp-element-button" download aria-describedby="wp-block-file--media-f158ce95-aaf6-4360-b96b-39a747821aa8">Herunterladen</a></div>



<p></p>



<p></p>



<p>Gesetzlicher Erziehungs- und Bildungsauftrag anerkannter Kindertagesstätten</p>



<p>Bayerisches Kinderbildungs- und Betreuungsgesetz (BayKiBiG)</p>



<p>In der Verordnung zur Ausführung des Bayr. Kinderbildungs- und Betreuungsgesetzes sind folgende Bildungs- und Erziehungsziele festgelegt:</p>



<p>§ 1 Allgemeine Grundsätze für die individuelle Förderung<br>(1) „Jedes Kind hat ein Recht auf Erziehung und Bildung“<br>Das Kind gestaltet entsprechend seinem Entwicklungsstand seine Bildung von Anfang an aktiv mit. Das pädagogische Personal in den Kindertageseinrichtungen hat die Aufgabe, durch ein anregendes Lernumfeld und ganzheitliche Lernangebote dafür Sorge zu tragen, dass die Kinder anhand der Bildungs- und Erziehungsziele Basiskompetenz erwerben und weiterentwickeln. Leitziel der pädagogischen Bemühungen ist der beziehungsfähige, wertorientierte, schöpferische Mensch, der sein Leben verantwortlich gestalten und den Anforderungen in Familie, Staat und Gesellschaft gerecht werden kann.<br>(2) Das pädagogische Personal fördert die Kinder individuell entsprechend ihrer sozialen, kognitiven, emotionalen und körperlichen Entwicklung. Es begleitet und beobachtet sie in ihrem Entwicklungsverlauf.<br>(3) Das pädagogische Personal hat die Aufgabe, soziale Integration zu fördern und Kinder bei der Entwicklung ihrer Geschlechtsidentität als Mädchen und Buben zu unterstützen und auf Gleichberechtigung anzunehmen.<br>(4) Das pädagogische Personal arbeitet bei der Umsetzung der Bildungs- und Erziehungsziele partnerschaftlich mit den primär für die Erziehung verantwortlichen Eltern und dem Elternbeirat zusammen und informiert die Eltern in regelmäßigen Gesprächen über die Entwicklung des Kindes.</p>

<p>Hier können Sie die Konzeption unseres Kindergartens downloaden. Gesetzlicher Erziehungs- und Bildungsauftrag anerkannter Kindertagesstätten Bayerisches Kinderbildungs- und Betreuungsgesetz (BayKiBiG) In der Verordnung zur Ausführung des Bayr. Kinderbildungs- und Betreuungsgesetzes sind folgende Bildungs- und Erziehungsziele festgelegt: § 1 Allgemeine Grundsätze für die individuelle Förderung(1) „Jedes Kind hat ein Recht auf Erziehung und Bildung“Das Kind gestaltet entsprechend [&hellip;]</p>
